64. What are the prime factors of 1/3 + (-15)/h?
2
Let o = 78 - 132. What are the prime factors of (-660)/o + 4/(-18)?
2, 3
Suppose -4 = 4*a + 4. Let t be 83 + 2 - (a + -1). Suppose 3*n = -n + t. List the prime factors of n.
2, 11
Suppose 48 = 3*j - 2*z - 4, 2*j - 3 = -5*z. Let d = -5 + j. List the prime factors of d.
3
Let z = -2 - -2. Suppose 0*k - k = 5*v - 36, -3*v + 5*k + 44 = z. Let j = 13 - v. List the prime factors of j.
5
Suppose -3 = -m + 33. List the prime factors of m.
2, 3
Suppose 0 = -2*j + t + 212, 2*j + 5*t = -2*j + 438. What are the prime factors of j?
107
Let h be (-6)/24 - (-5)/4. Let l = h + 2. Suppose 2*s + 27 = 3*c, l*s = -4*c + 11 + 25. What are the prime factors of c?
3
Let d = 88 - 76. List the prime factors of d.
2, 3
Let u(j) = -3*j + 9. Let c(s) = -s + 3. Let x(v) = 17*c(v) - 6*u(v). Let w be x(3). Suppose 4 = b + 3*m - 4, w = -5*m + 5. List the prime factors of b.
5
Suppose -13*b + 1450 = -3*b. List the prime factors of b.
5, 29
Let c be ((-34)/(-8))/((-1)/4). Let q = c + 45. Let u = q - 17. What are the prime factors of u?
11
Let c(b) = -2*b**3 - 2*b**2 - 3*b + 2. Let q be c(-3). Let l = -32 + q. What are the prime factors of l?
3, 5
Suppose 0*b = 3*b + 21. Suppose -7*u + 2*u - 25 = 2*f, 0 = -4*f + 3*u - 37. Let r = b - f. List the prime factors of r.
3
Let r(t) be the second derivative of t**3/6 - 5*t**2/2 - t. Suppose 5*p = 10*p - 40. List the prime factors of r(p).
3
Let f = -27 - -57. Suppose f = -u - 4*u. Let h = u - -15. List the prime factors of h.
3
Suppose -24*r = -28*r + 520. What are the prime factors of r?
2, 5, 13
Let p(o) = -o**2 + 4*o + 6. Let r be p(5). Let w = 45 - 37. List the prime factors of (w/(-20))/(r/(-15)).
2, 3
Let n be (2 + -2 + -2)/(-2). Suppose -q + 4 + n = 0. List the prime factors of q.
5
Let d(w) be the third derivative of w**5/60 + w**4/8 - 4*w**3/3 + 2*w**2. List the prime factors of d(-6).
2, 5
Suppose -1642 = -8*y - 290. What are the prime factors of y?
13
Suppose -2*q + 2*o + 373 = 5*o, 3*q + 4*o - 557 = 0. List the prime factors of q.
179
Suppose 4*o - 4*u + 0*u - 468 = 0, 0 = 5*u + 25. What are the prime factors of o?
2, 7
Let l = 8 + -8. Suppose -2*k + 4*k - 4 = -p, -2*k = -3*p - 4. Suppose p = -2*w + 18 - l. List the prime factors of w.
3
What are the prime factors of (132/60)/(2/10)?
11
Suppose -3*h - 3*t + 5*t - 1 = 0, -2*t = -h - 7. Suppose 39 = 7*z - 5*z - h*s, 4*s - 46 = -2*z. List the prime factors of z.
3, 7
Let r(k) = -4*k**2 + k. Let l be r(-2). Let j = 36 + l. Suppose -3*y - 3*b + j = 0, 5*y - b - 39 = -9. List the prime factors of y.
2, 3
Let g(p) = p**2 + 4*p - 1. Let j be g(-5). Suppose -j*z - 11 = -91. List the prime factors of z.
2, 5
Let u = 25 + -18. Suppose -u*l + 80 = -2*l. Suppose g = 3*h + 2*h + 4, -2*h = 4*g - l. What are the prime factors of g?
2
Suppose 9 - 1 = -v - 3*u, 0 = -2*v - 5*u - 11. What are the prime factors of v?
7
Let f(b) = -b - 3. Let r be f(-2). Let k(z) = -z**3 - z. List the prime factors of k(r).
2
Suppose -z - 2 = -4. Suppose -6*h - 5*a + 59 = -2*h, -z*h = -4*a - 10. Suppose -c + 0 = -4*k + h, -1 = k - 4*c. List the prime factors of k.
3
Let g = -21 + 12. List the prime factors of (1 + (-20)/3)*g.
3, 17
Let p be 2 - 4 - 28/(-4). Suppose d + 3*b = 30, 2*d - 23 - p = 2*b. List the prime factors of d.
2, 3
Let y(o) = o**3 + 6*o**2 - 4*o - 8. What are the prime factors of y(-6)?
2
Suppose -3*v - 18 = 3*p, 29 = -6*v + 2*v - 5*p. List the prime factors of v + 8*(6 - 3).
23
Suppose 4*x + 14 = 2. What are the prime factors of 19/3 - (-1)/x?
2, 3
Let c(b) = 2*b + 2. Let y be c(-2). Let w = y - -4. List the prime factors of w/(-6)*1*-39.
13
Let c(f) be the second derivative of -3*f**3/2 - 5*f**2 + f. What are the prime factors of c(-5)?
5, 7
Suppose 0 = -5*u + 7*u - 228. Suppose 0 = 5*c - 5*v - 145, v + u = 4*c - v. What are the prime factors of c?
2, 7
Let t = 51 - -157. What are the prime factors of t?
2, 13
Suppose -o = k - 6*o, -32 = -3*k - o. Suppose -12 = -2*n + k. List the prime factors of n.
11
Let y(n) = -n**3 - 2*n**2 + 3*n - 12. What are the prime factors of y(-5)?
2, 3
Let k(l) = -9*l**2 + l - 10*l**2 + 27 + 18*l**2 - l**3. List the prime factors of k(0).
3
Suppose 212 = 10*i - 6*i. What are the prime factors of i?
53
Let f(i) = i**2 - 10*i - 1. What are the prime factors of f(13)?
2, 19
Let v = -71 + 139. What are the prime factors of v?
2, 17
Let s = -5 - -9. Suppose 0 = u - s*u + 6. Suppose 0 = u*v - 6*v + 20. List the prime factors of v.
5
Let j(o) be the second derivative of -o**4/12 - o**3 - 3*o**2 - 3*o. Let v be j(-5). Let t(f) = -10*f**3 - 1. List the prime factors of t(v).
3
Suppose 0 = -4*n - 0*n + 8. Suppose -n*c + 6 = -4. List the prime factors of c.
5
Suppose 0 = j + 3*s, 5*j + s - 2*s - 32 = 0. Suppose -b + k + 22 = 0, 4*b - j*k = -3*k + 90. Let w = b - 15. List the prime factors of w.
3
Let t be -3*-2*3/9. Let m(d) = -5*d - 2. Let v(y) = -6*y - 2. Let g(b) = -5*m(b) + 4*v(b). What are the prime factors of g(t)?
2
Let t = 3 + -2. Let p be t - (-5 + -2 + 4). Suppose -p*y + 2*j + 30 = 0, 0 = y - 3*y + 3*j + 21. List the prime factors of y.
2, 3
Suppose 4 = t + 1. Suppose -t*y + 54 = 3*l, -3*l + 90 = -0*y + 5*y. List the prime factors of y.
2, 3
Suppose k - 17 = -5*z, -3*k + 4*k - 5*z - 57 = 0. List the prime factors of k.
37
Suppose p - 3*p = 106. Let l = -21 - p. What are the prime factors of l?
2
Suppose -l + 6 = -u + 32, -2*u = 4*l - 64. Suppose 6*t + 5*g - u = 2*t, 2*t = g + 14. What are the prime factors of t?
7
Suppose 5*p = 15, -3*p - 34 = 3*o + 20. Suppose -2*w + 34 = -w. Let n = w + o. What are the prime factors of n?
13
Suppose -d - 10 = 5*x + 4*d, 0 = -d + 1. Let i = x + 13. List the prime factors of i.
2, 5
Let d = 0 + 0. Let b be d - ((-9)/3 - -3). List the prime factors of 0/1 + 11 + b.
11
Suppose -1 = g, -4*p + 19 = g - 4*g. List the prime factors of p.
2
Let n be (1/(-3))/((-12)/936). Suppose -n = -4*f + 102. What are the prime factors of f?
2
Suppose j = 4*x + 19, 20 = -0*x - 5*x. Let q = 5 - 2. Suppose q*s + 86 = 5*n, 2*n - 19 = j*s + 19. List the prime factors of n.
2
Let o(p) = -43*p**3 - p. What are the prime factors of o(-1)?
2, 11
Suppose 11 + 3 = 4*n - i, -n - i = -6. Suppose -m + 75 = n*m. List the prime factors of m.
3, 5
Suppose 0 = -2*u + m + 61, m = u + 2*m - 23. What are the prime factors of u?
2, 7
Suppose -7 = -d - 4*y + 4, y = 3. Let z(a) = -7*a**3 + 4*a**2 - a + 4. Let r(p) = p**3 + p**2 + 1. Let m(t) = -4*r(t) + z(t). List the prime factors of m(d).
2, 3
Suppose -y - t = -4, -5*y - 6*t = -2*t - 18. Let p(w) = 2*w + 17. Let d be p(-5). Suppose 2*o - 23 = -3*v, y*o = -4*v + 15 + d. What are the prime factors of o?
13
Suppose -22 = f + 18. What are the prime factors of (-990)/f + 6/(-8)?
2, 3
Let z(g) = -3 - 2*g + 13*g - g**2 + 7 + 0. List the prime factors of z(6).
2, 17
Let u = 19 + -37. Let c = u + 26. What are the prime factors of c?
2
Let t(d) = -2*d**3 - 3*d**2 - 2*d. Let m(z) = -4*z - z - 7*z**2 + 2*z**2 - z**2 - 3*z**3. Let i(n) = -2*m(n) + 5*t(n). List the prime factors of i(-2).
2, 5
Let p be 9 - ((8 - 3) + -2). List the prime factors of 214/p - (-6)/(-9).
5, 7
Suppose -5*y = -38 - 2. List the prime factors of y.
2
Suppose -2*l + 13 = -l. Let f(c) = -c**2 - c + 8. Let o be f(0). Let n = l - o. What are the prime factors of n?
5
Suppose -3*r + b - 12 = -7*r, 8 = -4*r + 4*b. Suppose 0 = n - r*a - 10, 11 = n + 5*a + 1. List the prime factors of n.
2, 5
Suppose 4*y + 0*y - 12 = 0. Suppose 2*x = -y + 51. List the prime factors of x.
2, 3
Suppose q - 5*q = 0. List the prime factors of (-2 + q - -1)*-24.
2, 3
Let p(a) = -a**3 - a**2 - a - 3. Let h be p(0). Let y = h + 13. What are the prime factors of y?
2, 5
Let s(z) = -z**2 + z + 1. Suppose 5*y + 17 = 3*l, 0 = 3*l + 3*y - y + 11. Let c be s(l). What are the prime factors of (c + -1)/4*-4?
2
Let v = -5 - -5. Suppose 10 + v = -5*u. List the prime factors of (-3 - u) + 6 + -3.
2
Let k = -7 - -7. Suppose k = -4*q + 10 + 18. Suppose -3*g + q = -14. List the prime factors of g.
7
Let i(r) = r**3 - 10*r**2 + 8*r. Let a be i(9). Let q = -5 - a. What are the prime factors of q?
2
Let s be 545/25 - 2/(-10). Let w = 4 + -2. Suppose 5*x = -0 - 5, w*b - 4*x = s. What are the prime factors of b?
3
Suppose 5*l - 177 = 198. What are the prime